 + (130 - (-262 + 291)).
111
(5 + -25 - (-27 + 42)) + 24
-11
Calculate 13 - (13 - (-7 - (8 - 16)) - (34 - 1)).
34
What is 3 + -9 - (-61 - 5 - -14)?
46
Calculate -265 + 122 + 104 - (-28 + 0).
-11
Evaluate 141 + -163 - (1 - 3) - (-39 - -23).
-4
Evaluate 7 - (-86 + 38 + 87).
-32
Calculate -115 + 245 - (14 + 12 + -4).
108
Evaluate 2 - 107 - (18 + -2 + 57 + -15 + -59).
-104
What is (584 - 595 - (1 + 0)) + 9 + -11?
-14
Calculate 13 + 4 + 1 - (-6 + 40 - 24).
8
What is the value of (-3 - 11) + (18 + -10 - -12) - 7?
-1
What is 63 + -64 - (-58 + -31)?
88
(34 - (21 + -26)) + (-4 - 3 - 0)
32
Calculate 533 - 536 - (-14 - -18 - 8).
1
-3 - (15 + 1 - (167 + -166) - 31)
13
Evaluate (-16 - -1 - (48 + -60)) + -15.
-18
What is the value of (-49 + -63 - -141) + (-100 - 1)?
-72
What is (-16 - -33) + (155 - 204)?
-32
What is the value of (-46 + 23 - 40) + 28?
-35
Evaluate 10 + 1 + (-51 + -2 - -24) + -22.
-40
What is (-23 - (47 + -71)) + (-7 + 3 - -1)?
-2
Evaluate 121 + -45 + 35 + -68.
43
Calculate 28 + 23 + -134 - (-20 + -1).
-62
What is the value of (-90 - -174) + -147 - -125?
62
5844 + -5956 + (1 - -58)
-53
What is the value of 68 - -3 - (3997 - 4045 - (-68 - 0))?
51
What is the value of -27 - (-24 - (-25 + (-13 - 15)))?
-56
Evaluate (-24 + -50 - -52) + 6.
-16
Evaluate -9 - ((-9 + 0 - (-82 - -71)) + 17 + -2).
-26
What is the value of 2 - (-18 + 27) - 3 - -13 - (-2 - -25)?
-20
Evaluate 1 + (6 + 0 - (28 + -1 - 19)) + -9.
-10
What is the value of -7 + -16 + (50 - 27) + -91 + -3?
-94
Evaluate 5 + (-9 + 19 - (2 + -5 + -42)) + -5.
55
Calculate -10 - ((4 - (-1 + (-7 - -7))) + -53 - -2).
36
What is the value of (-3529 - -3620) + (42 - 3)?
130
-17 + -132 + (9 - -34)
-106
What is the value of 7 - (-216 - -213 - ((0 - -113) + (10 - 6)))?
127
What is the value of ((-35 - -65) + -17 - (1 + -5)) + -18?
-1
Evaluate -18 - (-11 - -10) - (-29 - -70).
-58
-101 + (35 - (4 + 40 - 27))
-83
What is 41 + 34 + -105 - -89?
59
7 + (-97 - -2 - -23) + (1 - (-4 + -3))
-57
Evaluate 7 + (25 + 24 + -37 - -6).
25
Evaluate 8 + -20 + 19 - 29 - -3 - 94.
-113
-38122 + 38085 + (-11 - (2 - (0 + 1)))
-49
(-9 - (-18 + 9) - -5 - 18) + -15
-28
What is 125 + (-38 - 82) + -108?
-103
What is the value of (-11 - 34) + (17 + -32 - -194)?
134
What is the value of 5 + -16 + 20 - (6 + 28)?
-25
-70 + (28 - (-20 + 28)) + -21
-71
8 - ((-44 - -52) + -3 + 2 - (3 + 5))
9
What is (-249 - -389) + -133 - (0 + 0 - (-13 + -1))?
-7
Calculate 26 + 15 + -44 - (-22 + 0).
19
-16 + (23 - 9) + (-4 + -46 - -3)
-49
What is (-866 + 964 - (-24 + 0)) + -35?
87
What is the value of 17 + 7 + -10 + -10 + 9 - 3?
10
Calculate -78 - -32 - -59 - (1 - (3 + 86) - 3).
104
What is 10 + 17 + -9 + -27 + (-9 - 0)?
-18
(-164 + -70 - -187) + (2 - -16)
-29
20 + 4 + (20 - 48 - -20)
16
What is 43 + -1 - 4 - 1 - (-6 + -5 - -9)?
39
(1 - -5) + (-109 - -84) + 58 + -25
14
What is -4 + 84 - ((-1 - -1) + -10 + 914 + -893)?
69
(-150 - (-23 + -50)) + 50
-27
20 + 6 + -22 - -59
63
76 - ((-109 - -79) + 85)
21
-2046 + 2056 + 3 + 3 + -1 + -64
-49
Calculate -44 + 3 - (-168 + 181) - (3 - -8).
-65
What is -23 - 10 - ((-12 - 30) + 71)?
-62
4 + (55 - -2) + -39 + (16 - -15)
53
Calculate 38 + (97 + -44 - 32).
59
Calculate 16 + -1 + -6 + 5 + -24 + 57.
47
Calculate -76 + -162 + 43 + 194.
-1
Calculate -9 - (12 - (234 + -231 - (31 + -1))).
-48
Calculate (6 + (-15 - 5) + 21 - 20) + -2 + 114.
99
Calculate -14 - (0 + 2 - -5 - 22).
1
Evaluate -38 + (34 - (-13 + -2 + 30) - 12).
-31
What is the value of -37 + 3 - (-414 + 440)?
-60
Calculate (16 - 17) + -12 + 35 + -32.
-10
What is 5 + (-83 - -82) + (2 - -28) + 2?
36
Calculate (-8 - (-3 + 15) - -12 - (-56 + -1)) + -7.
42
Evaluate -74 + (72 - 90) + (0 - (0 + 2 - 9)).
-85
Evaluate (-37 - (1 + -3)) + -17 + -49 + 71.
-30
What is the value of 85 - (53 + 12) - (11 + 2) - (51 - -1)?
-45
What is -9 + (9 - (38 + -11)) - -118?
91
(7 + -8 - ((-16 - -8) + 1)) + -12 + 3
-3
1 + 15 - (-553 - -591)
-22
What is the value of (17 - (-61 - -74)) + (3 + (2 - 4) - -57)?
62
Calculate -94 + 89 + (-97 - -38).
-64
What is (54 - 93 - -64) + 0?
25
(1 - -3 - 15 - (-176 + 175)) + 71
61
What is the value of -7956 - -7946 - (-2 + -85)?
77
What is the value of -64 - (-19 + -6 + -16 + 11)?
-34
Calculate 45 - (-13 + -17 + 7 + -10).
78
What is the value of 0 + 3 + 8 + -43 + (-35 - -58)?
-9
Evaluate -1765 + 1783 + (-3 - -111).
126
Calculate 2 - -29 - 68 - (-7 - 15) - 115.
-130
(-2 - (-21 + 3)) + -7 - (-13 + 3)
19
What is the value of -11 - ((24 - 5) + (-154 - -211))?
-87
-1 + (2 - 2) - (25 - 38) - (-4 + 1)
15
What is the value of -74 - (-546 - -583 - (29 + 0))?
-82
Calculate (-21 - 0) + (-121 - -148) + 31.
37
Calculate (-4 - 23) + (673 - 662).
-16
What is the value of 28 - (-21 + 13 - -53)?
-17
0 + (-1 - 25) + 15 + -8 + 19 + -28
-28
Evaluate -12 + 0 + 1 - (53 + (-94 + -1 - -42)).
-11
What is (2374 - 2339) + (2 - 0 - 19)?
18
(19 - (15 - (11 + -13))) + -105 - -14
-89
What is -25 - (8 - (26 - 8) - (-4 - (2 - 2)))?
-19
(0 - 81 - -14) + -12 + 3
-76
Evaluate 0 + -2 - (-29 - (10 + -12)).
25
What is the value of -11 + -26 - (-23 + 24 - -15 - (7 - 0))?
-46
(-16 - (-15 - 1)) + 10 + -5 + -4
1
Evaluate 27 + 35 + 4 + -30 + -22.
14
What is -157 - -59 - (14 + -56) - (-5 - (-1 - 0))?
-52
What is 37 - (-60 + 7 + 57)?
33
What is 0 + -1 + -1 + -3 + (-34 - -46 - 17)?
-10
51 + -26 + -8 + (-7 - -3 - -6)
19
What is the value of (8 - 5) + 80 + (-22 - -7)?
68
(3 - -41 - 60) + -15 - -130
99
What is the value of (77 - 0) + -120 + (180 - 60)?
77
What is 6 - -1 - (48 - 80)?
39
Calculate -22 + (28 - 5) - (-2 - -2 - 0) - -49.
50
Evaluate 1 - 9 - 6 - (-33 - 1 - -23).
-3
2 + (-424 + 400 - (-51 - 1))
30
Calculate 3 + -25 - (-73 - -20).
31
Evaluate -1 + (-9 - 11) + (2 - (-8 + 3)).
-14
What is 1 - (-6 + 0 + 79 - (37 - 19 - 30))?
-84
Calculate 7 - -1 - (561 + -536 + (53 - -1)).
-71
Calculate (-25 - (-16 + 3) - 56) + 33.
-35
What is (2 - (-7 - 3)) + -18 + -20?
-26
What is -40 + 13 + (-2 + 8 - 7) + (2 - -5)?
-21
Calculate -80 - (1 + -23 - (-77 + 52)).
-83
Calculate -22 - (-14 - -7) - (169 - 297).
113
37 - ((42 - 4 - 15) + -45)
59
(-5 - 25) + 33 + -5 + 52
50
What is 78 - (-5 + 50 + 106 + -133)?
60
Calculate (59 - 30) + -41 + 1 + -64 + 3.
-72
What is -30 - -28 - (0 - -5) - -20?
13
What is the value of (6 + -3 - -7) + -244 + 295 + 5 + 0?
66
(90 - 39) + -45 - -29
35
Evaluate (4 - (-19 - 2)) + 3 + (1 - 4) + 6.
31
Calculate 24 + (-5 + -13 - (-8 - (10 - (17 + -10)))).
17
-5 + -115 + -5 + (-34 - -15 - -19) + -10
-135
Evaluate -10 + -1 + -2 + -2 + -512 + 550.
23
What is the value of 44 + -47 - (-57 - (-1 - (-5 - -6))) - 11?
41
What is 40 + -65 - -57 - (-3 + 95)?
-60
Calculate 21 + -8 + 0 + 1 + (3580 - 3570).
24
What is the value of -4 - (107 + 0 + -1 + -39 + 69 + -23)?
-117
40 + (28 - (-10 - -22)) + 2 + (-15 - -1)
44
Calculate 2 + 10 + (32 - (-25 + 20)) + -23.
26
Evaluate -6756 + 6743 - (-6 + -2 + -1).
-4
Calculate 7 + -12 + (-20 - -2) - (327 - 230).
-120
(16 - (-11 - (5 - 4 - 14))) + -8
6
What is the value of 330 - 359 - (58 - -11)?
-98
Evaluate 25 - (30 + -32 + -7 - 26).
60
Calculate 89 + -165 - (-13 - 87).
24
-8 + 69 - -3 - (-34 + 14 - -39)
45
Calculate -76 + 32 + 95 - 136.
-85
Evaluate (1 - (-40 + 23)) + -14 - -104.
108
What is the value of (20 + -66 - -20) + 94 - (0 + 0)?
68
Calculate (3 - 14) + 47 + 0 + (35 - 44).
27
(27 - 20) + 70 + -12 - 9
56
Calculate (-2 - 82 - -2) + (-4 - -15) + -200 + 195.
-76
Calculate (-1 - (-5 - -28)) + (6 - (9 - (-7 + 3))).
-31
75 + 2 + -92 + 16 + -2
-1
What is the value of -23 + (256 + -301 - (-13 + -5))?
-50
Evaluate (35 + -43 - -56) + 34 + 29.
111
-52 + 140 - 32 - 84
-28
Calculate -188 - -227 - 47 - (-2 + 0 + 6).
-12
Evaluate (-10 - 7) + 3 + (25 - -16 - -8).
35
-11 + (-1 - -2) + -52 + 57 + 4 + 24
23
Evaluate -53 + 48 - (6 + -10 + -1).
0
What is 0 + -16 - (-7 - (-13 + -3 - (-38 - -35)))?
-22
What is 0 + 8 - (2 + 1 - (-616 - -646))?
35
Evaluate 3 - (-69 - -138) - -145.
79
-17 - (0 + 15 - (62 - -18))
48
What is the value of -13 - (129 - 164 - (-1 - -11) - -13)?
19
Calculate -68 + 26 + 63 + -18.
3
Calculate 52 + (5 - 34) - 26.
-3
What is -17 + 10 + (-1 - -2) + 24 - (-39 - -35)?
22
(-21 - (39 + -2 - 44)) + -28
-42
2 + (26 - 9 - (13 - -10) - (-11 + 0))
7
Evaluate (1 - -116) + (-16127 - -15983).
-27
What is (-128 - -63) + 15 - -58?
8
What is 1569 + -1552 + (2 - (-28 - -3))?
44
What is -31